{"id":2357,"date":"2021-09-22T18:09:54","date_gmt":"2021-09-22T21:09:54","guid":{"rendered":"https:\/\/universotecnico.com\/cursos-ead\/?post_type=lesson&#038;p=2357"},"modified":"2021-09-29T16:27:10","modified_gmt":"2021-09-29T19:27:10","slug":"002-protecao-camera-frontal","status":"publish","type":"lesson","link":"https:\/\/universotecnico.com\/cursos-ead\/aula\/002-protecao-camera-frontal\/","title":{"rendered":"002 Prote\u00e7\u00e3o c\u00e2mera frontal"},"content":{"rendered":"","protected":false},"excerpt":{"rendered":"","protected":false},"featured_media":0,"template":"","meta":{"_initial_content":"","_new_post":false,"_quiz_has_questions":false,"_lesson_complexity":"","_lesson_length":10,"_lesson_course":2192,"_lesson_preview":""},"lesson-tag":[],"class_list":["post-2357","lesson","type-lesson","status-publish","post-password-required","hentry","module-face-id-2-0-1-pratica-inicio-de-conserto-dot-projector-face-id","post"],"is_coteacher":false,"jetpack_sharing_enabled":true,"_links":{"self":[{"href":"https:\/\/universotecnico.com\/cursos-ead\/wp-json\/wp\/v2\/lessons\/2357","targetHints":{"allow":["GET"]}}],"collection":[{"href":"https:\/\/universotecnico.com\/cursos-ead\/wp-json\/wp\/v2\/lessons"}],"about":[{"href":"https:\/\/universotecnico.com\/cursos-ead\/wp-json\/wp\/v2\/types\/lesson"}],"version-history":[{"count":3,"href":"https:\/\/universotecnico.com\/cursos-ead\/wp-json\/wp\/v2\/lessons\/2357\/revisions"}],"predecessor-version":[{"id":2648,"href":"https:\/\/universotecnico.com\/cursos-ead\/wp-json\/wp\/v2\/lessons\/2357\/revisions\/2648"}],"wp:attachment":[{"href":"https:\/\/universotecnico.com\/cursos-ead\/wp-json\/wp\/v2\/media?parent=2357"}],"wp:term":[{"taxonomy":"lesson-tag","embeddable":true,"href":"https:\/\/universotecnico.com\/cursos-ead\/wp-json\/wp\/v2\/lesson-tag?post=2357"}],"curies":[{"name":"wp","href":"https:\/\/api.w.org\/{rel}","templated":true}]}}

002 Proteção câmera frontal
