{"id":2366,"date":"2021-09-22T18:12:53","date_gmt":"2021-09-22T21:12:53","guid":{"rendered":"https:\/\/universotecnico.com\/cursos-ead\/?post_type=lesson&#038;p=2366"},"modified":"2021-09-29T16:26:53","modified_gmt":"2021-09-29T19:26:53","slug":"004-marcacao-pre-calibracao","status":"publish","type":"lesson","link":"https:\/\/universotecnico.com\/cursos-ead\/aula\/004-marcacao-pre-calibracao\/","title":{"rendered":"004 Marca\u00e7\u00e3o pr\u00e9 calibra\u00e7\u00e3o"},"content":{"rendered":"","protected":false},"excerpt":{"rendered":"","protected":false},"featured_media":0,"template":"","meta":{"_initial_content":"","_new_post":false,"_quiz_has_questions":false,"_lesson_complexity":"","_lesson_length":10,"_lesson_course":2192,"_lesson_preview":""},"lesson-tag":[],"class_list":["post-2366","lesson","type-lesson","status-publish","post-password-required","hentry","module-face-id-2-0-1-pratica-inicio-de-conserto-dot-projector-face-id","post"],"is_coteacher":false,"jetpack_sharing_enabled":true,"_links":{"self":[{"href":"https:\/\/universotecnico.com\/cursos-ead\/wp-json\/wp\/v2\/lessons\/2366","targetHints":{"allow":["GET"]}}],"collection":[{"href":"https:\/\/universotecnico.com\/cursos-ead\/wp-json\/wp\/v2\/lessons"}],"about":[{"href":"https:\/\/universotecnico.com\/cursos-ead\/wp-json\/wp\/v2\/types\/lesson"}],"version-history":[{"count":3,"href":"https:\/\/universotecnico.com\/cursos-ead\/wp-json\/wp\/v2\/lessons\/2366\/revisions"}],"predecessor-version":[{"id":2647,"href":"https:\/\/universotecnico.com\/cursos-ead\/wp-json\/wp\/v2\/lessons\/2366\/revisions\/2647"}],"wp:attachment":[{"href":"https:\/\/universotecnico.com\/cursos-ead\/wp-json\/wp\/v2\/media?parent=2366"}],"wp:term":[{"taxonomy":"lesson-tag","embeddable":true,"href":"https:\/\/universotecnico.com\/cursos-ead\/wp-json\/wp\/v2\/lesson-tag?post=2366"}],"curies":[{"name":"wp","href":"https:\/\/api.w.org\/{rel}","templated":true}]}}

004 Marcação pré calibração
