{"id":11161,"date":"2025-07-02T20:20:25","date_gmt":"2025-07-02T23:20:25","guid":{"rendered":"https:\/\/universotecnico.com\/cursos-ead\/?page_id=11161"},"modified":"2025-07-02T20:54:14","modified_gmt":"2025-07-02T23:54:14","slug":"envio-de-aparelhos-para-consertos-em-placa-mae-iphone","status":"publish","type":"page","link":"https:\/\/universotecnico.com\/cursos-ead\/envio-de-aparelhos-para-consertos-em-placa-mae-iphone\/","title":{"rendered":"Envio de aparelhos para consertos em placa m\u00e3e iPhone"},"content":{"rendered":"\n<p><strong>Esta s\u00e3o as listas de pre\u00e7os para &#8220;lojistas&#8221; reparos em placa de iPhone.<br><\/strong><br>Tenha em considera\u00e7\u00e3o que:<\/p>\n\n\n\n<ul class=\"wp-block-list\">\n<li>Trabalhamos somente aparelhos a partir do iPhone 11.<\/li>\n\n\n\n<li>O envio de aparelhos significa que esta ciente e aceita os valores de or\u00e7amento listados em esta p\u00e1gina.<\/li>\n\n\n\n<li>Consertos em Wi-Fi do &#8220;iPhone 12 e superiores&#8221; \u00e9 somado o valor de R$200,00 do novo Chip Wi-Fi.<\/li>\n\n\n\n<li>Os valores s\u00e3o somente de consertos em placa m\u00e3e, n\u00e3o fazemos troca de perif\u00e9ricos como telas, baterias, c\u00e2meras, flexs. <\/li>\n<\/ul>\n\n\n<div class=\"wp-block-image\">\n<figure class=\"aligncenter size-large\"><img loading=\"lazy\" decoding=\"async\" width=\"1024\" height=\"314\" src=\"https:\/\/universotecnico.com\/cursos-ead\/wp-content\/uploads\/2025\/07\/Valor-Lojistas-Conserto-em-placa-iPhone-1024x314.png\" alt=\"\" class=\"wp-image-11162\" srcset=\"https:\/\/universotecnico.com\/cursos-ead\/wp-content\/uploads\/2025\/07\/Valor-Lojistas-Conserto-em-placa-iPhone-1024x314.png 1024w, https:\/\/universotecnico.com\/cursos-ead\/wp-content\/uploads\/2025\/07\/Valor-Lojistas-Conserto-em-placa-iPhone-300x92.png 300w, https:\/\/universotecnico.com\/cursos-ead\/wp-content\/uploads\/2025\/07\/Valor-Lojistas-Conserto-em-placa-iPhone-768x236.png 768w, https:\/\/universotecnico.com\/cursos-ead\/wp-content\/uploads\/2025\/07\/Valor-Lojistas-Conserto-em-placa-iPhone-100x31.png 100w, https:\/\/universotecnico.com\/cursos-ead\/wp-content\/uploads\/2025\/07\/Valor-Lojistas-Conserto-em-placa-iPhone-416x128.png 416w, https:\/\/universotecnico.com\/cursos-ead\/wp-content\/uploads\/2025\/07\/Valor-Lojistas-Conserto-em-placa-iPhone.png 1414w\" sizes=\"auto, (max-width: 1024px) 100vw, 1024px\" \/><\/figure>\n<\/div>\n\n<div class=\"wp-block-image\">\n<figure class=\"aligncenter size-large\"><img loading=\"lazy\" decoding=\"async\" width=\"1024\" height=\"316\" src=\"https:\/\/universotecnico.com\/cursos-ead\/wp-content\/uploads\/2025\/07\/Valor-Lojistas-Swap-CPU-iPhone-1024x316.png\" alt=\"\" class=\"wp-image-11163\" srcset=\"https:\/\/universotecnico.com\/cursos-ead\/wp-content\/uploads\/2025\/07\/Valor-Lojistas-Swap-CPU-iPhone-1024x316.png 1024w, https:\/\/universotecnico.com\/cursos-ead\/wp-content\/uploads\/2025\/07\/Valor-Lojistas-Swap-CPU-iPhone-300x93.png 300w, https:\/\/universotecnico.com\/cursos-ead\/wp-content\/uploads\/2025\/07\/Valor-Lojistas-Swap-CPU-iPhone-768x237.png 768w, https:\/\/universotecnico.com\/cursos-ead\/wp-content\/uploads\/2025\/07\/Valor-Lojistas-Swap-CPU-iPhone-100x31.png 100w, https:\/\/universotecnico.com\/cursos-ead\/wp-content\/uploads\/2025\/07\/Valor-Lojistas-Swap-CPU-iPhone-416x128.png 416w, https:\/\/universotecnico.com\/cursos-ead\/wp-content\/uploads\/2025\/07\/Valor-Lojistas-Swap-CPU-iPhone.png 1414w\" sizes=\"auto, (max-width: 1024px) 100vw, 1024px\" \/><\/figure>\n<\/div>\n\n\n<p><br><\/p>\n\n\n\n<p>Para enviar aparelhos para consertos em placa, entre em contato conosco via WhatsApp, para receber as instru\u00e7\u00f5es de envio.<\/p>\n\n\n<div class=\"wp-block-image\">\n<figure class=\"alignleft size-large is-resized\"><a href=\"https:\/\/wa.link\/6uljtd\"><img loading=\"lazy\" decoding=\"async\" width=\"1024\" height=\"180\" src=\"https:\/\/universotecnico.com\/cursos-ead\/wp-content\/uploads\/2025\/07\/whatsapp-1024x180.png\" alt=\"\" class=\"wp-image-11168\" style=\"width:306px;height:auto\" srcset=\"https:\/\/universotecnico.com\/cursos-ead\/wp-content\/uploads\/2025\/07\/whatsapp-1024x180.png 1024w, https:\/\/universotecnico.com\/cursos-ead\/wp-content\/uploads\/2025\/07\/whatsapp-300x53.png 300w, https:\/\/universotecnico.com\/cursos-ead\/wp-content\/uploads\/2025\/07\/whatsapp-768x135.png 768w, https:\/\/universotecnico.com\/cursos-ead\/wp-content\/uploads\/2025\/07\/whatsapp-100x18.png 100w, https:\/\/universotecnico.com\/cursos-ead\/wp-content\/uploads\/2025\/07\/whatsapp-416x73.png 416w, https:\/\/universotecnico.com\/cursos-ead\/wp-content\/uploads\/2025\/07\/whatsapp.png 1078w\" sizes=\"auto, (max-width: 1024px) 100vw, 1024px\" \/><\/a><\/figure>\n<\/div>\n\n\n<p><\/p>\n","protected":false},"excerpt":{"rendered":"<p>Esta s\u00e3o as listas de pre\u00e7os para &#8220;lojistas&#8221; reparos em placa de iPhone.Tenha em considera\u00e7\u00e3o que: Para enviar aparelhos para consertos em placa, entre em contato conosco via WhatsApp, para receber as instru\u00e7\u00f5es de envio.<\/p>\n","protected":false},"author":1,"featured_media":0,"parent":0,"menu_order":0,"comment_status":"closed","ping_status":"closed","template":"","meta":{"footnotes":""},"class_list":["post-11161","page","type-page","status-publish","hentry"],"jetpack_sharing_enabled":true,"_links":{"self":[{"href":"https:\/\/universotecnico.com\/cursos-ead\/wp-json\/wp\/v2\/pages\/11161","targetHints":{"allow":["GET"]}}],"collection":[{"href":"https:\/\/universotecnico.com\/cursos-ead\/wp-json\/wp\/v2\/pages"}],"about":[{"href":"https:\/\/universotecnico.com\/cursos-ead\/wp-json\/wp\/v2\/types\/page"}],"author":[{"embeddable":true,"href":"https:\/\/universotecnico.com\/cursos-ead\/wp-json\/wp\/v2\/users\/1"}],"replies":[{"embeddable":true,"href":"https:\/\/universotecnico.com\/cursos-ead\/wp-json\/wp\/v2\/comments?post=11161"}],"version-history":[{"count":9,"href":"https:\/\/universotecnico.com\/cursos-ead\/wp-json\/wp\/v2\/pages\/11161\/revisions"}],"predecessor-version":[{"id":11173,"href":"https:\/\/universotecnico.com\/cursos-ead\/wp-json\/wp\/v2\/pages\/11161\/revisions\/11173"}],"wp:attachment":[{"href":"https:\/\/universotecnico.com\/cursos-ead\/wp-json\/wp\/v2\/media?parent=11161"}],"curies":[{"name":"wp","href":"https:\/\/api.w.org\/{rel}","templated":true}]}}